{"id":2,"date":"2014-01-08T13:52:42","date_gmt":"2014-01-08T13:52:42","guid":{"rendered":"http:\/\/odgbo.sviluppoweb.biz\/fondazione\/?page_id=2"},"modified":"2014-02-12T16:21:19","modified_gmt":"2014-02-12T15:21:19","slug":"statuto-fondazione","status":"publish","type":"page","link":"https:\/\/odg.bo.it\/fondazione\/statuto-fondazione\/","title":{"rendered":"Sintesi dello Statuto"},"content":{"rendered":"<p style=\"text-align: left;\">Un breve cenno dello statuto della Fondazione:<\/p>\r\n\r\n<ul style=\"text-align: left;\">\r\n\t<li>La Fondazione ha sede presso &#8220;l\u2019Ordine dei Giornalisti dell\u2019Emilia-Romagna&#8221;, attualmente ubicato in Bologna, Strada Maggiore n. 6.<\/li>\r\n\t<li>Non ha scopo di lucro e persegue la valorizzazione e la tutela della figura del Giornalista, il suo costante aggiornamento scientifico e culturale, la promozione e l&#8217;attuazione di ogni iniziativa diretta alla sua formazione professionale.A tal fine potr\u00e0:\r\n&#8211; istituire corsi di formazione e d&#8217;aggiornamento professionale, di preparazione e perfezionamento della professione;\r\n&#8211; promuovere e realizzare iniziative editoriali attraverso qualsiasi tecnologia e supporto tecnico;\r\n&#8211; promuovere e finanziare studi, convegni e riunioni, seminari e iniziative di studio e di confronto con altre realt\u00e0 nell&#8217;ambito delle discipline connesse alla professione del Giornalista;\r\n&#8211; promuovere e finanziare le relazioni con istituti di studio pubblici e privati;\r\n&#8211; organizzare attivit\u00e0 legate allo scopo in collaborazione con associazioni di i categoria, enti, societ\u00e0 per la crescita culturale e professionale del Giornalista;\r\n&#8211; istituire, promuovere, sovvenzionare borse di studio e di ricerca;\r\n&#8211; fornire adeguato sostegno organizzativo e promozionale a tutte le iniziative sopra specificate;\r\n&#8211; istituire organi di mediazione e di conciliazione nell&#8217;ambito dell&#8217;attivit\u00e0 professionale.<\/li>\r\n\t<li>La Fondazione potr\u00e0 esercitare ogni altra attivit\u00e0, anche di prestazione di servizi, che, direttamente o indirettamente, il Consiglio di Amministrazione, riterr\u00e0 utile per il raggiungimento dei fini istituzionali.<\/li>\r\n<\/ul>\r\n","protected":false},"excerpt":{"rendered":"<p>Un breve cenno dello statuto della Fondazione: La Fondazione ha sede presso &#8220;l\u2019Ordine dei Giornalisti dell\u2019Emilia-Romagna&#8221;, attualmente ubicato in Bologna, Strada Maggiore n. 6. Non ha scopo di lucro e persegue la valorizzazione e la tutela della figura del Giornalista, &hellip; <a href=\"https:\/\/odg.bo.it\/fondazione\/statuto-fondazione\/\">Continue reading <span class=\"meta-nav\">&rarr;<\/span><\/a><\/p>\n","protected":false},"author":1,"featured_media":0,"parent":0,"menu_order":0,"comment_status":"closed","ping_status":"closed","template":"","meta":{"footnotes":""},"class_list":["post-2","page","type-page","status-publish","hentry"],"yoast_head":"<!-- This site is optimized with the Yoast SEO plugin v21.6 - https:\/\/yoast.com\/wordpress\/plugins\/seo\/ -->\n<title>Sintesi dello Statuto - Fondazione Ordine Giornalisti Emilia-Romagna<\/title>\n<meta name=\"robots\" content=\"index, follow, max-snippet:-1, max-image-preview:large, max-video-preview:-1\" \/>\n<link rel=\"canonical\" href=\"https:\/\/odg.bo.it\/fondazione\/statuto-fondazione\/\" \/>\n<meta property=\"og:locale\" content=\"it_IT\" \/>\n<meta property=\"og:type\" content=\"article\" \/>\n<meta property=\"og:title\" content=\"Sintesi dello Statuto - Fondazione Ordine Giornalisti Emilia-Romagna\" \/>\n<meta property=\"og:description\" content=\"Un breve cenno dello statuto della Fondazione: La Fondazione ha sede presso &#8220;l\u2019Ordine dei Giornalisti dell\u2019Emilia-Romagna&#8221;, attualmente ubicato in Bologna, Strada Maggiore n. 6. Non ha scopo di lucro e persegue la valorizzazione e la tutela della figura del Giornalista, &hellip; Continue reading &rarr;\" \/>\n<meta property=\"og:url\" content=\"https:\/\/odg.bo.it\/fondazione\/statuto-fondazione\/\" \/>\n<meta property=\"og:site_name\" content=\"Fondazione Ordine Giornalisti Emilia-Romagna\" \/>\n<meta property=\"article:modified_time\" content=\"2014-02-12T15:21:19+00:00\" \/>\n<meta name=\"twitter:card\" content=\"summary_large_image\" \/>\n<meta name=\"twitter:label1\" content=\"Tempo di lettura stimato\" \/>\n\t<meta name=\"twitter:data1\" content=\"1 minuto\" \/>\n<script type=\"application\/ld+json\" class=\"yoast-schema-graph\">{\"@context\":\"https:\/\/schema.org\",\"@graph\":[{\"@type\":\"WebPage\",\"@id\":\"https:\/\/odg.bo.it\/fondazione\/statuto-fondazione\/\",\"url\":\"https:\/\/odg.bo.it\/fondazione\/statuto-fondazione\/\",\"name\":\"Sintesi dello Statuto - Fondazione Ordine Giornalisti Emilia-Romagna\",\"isPartOf\":{\"@id\":\"https:\/\/odg.bo.it\/fondazione\/#website\"},\"datePublished\":\"2014-01-08T13:52:42+00:00\",\"dateModified\":\"2014-02-12T15:21:19+00:00\",\"breadcrumb\":{\"@id\":\"https:\/\/odg.bo.it\/fondazione\/statuto-fondazione\/#breadcrumb\"},\"inLanguage\":\"it-IT\",\"potentialAction\":[{\"@type\":\"ReadAction\",\"target\":[\"https:\/\/odg.bo.it\/fondazione\/statuto-fondazione\/\"]}]},{\"@type\":\"BreadcrumbList\",\"@id\":\"https:\/\/odg.bo.it\/fondazione\/statuto-fondazione\/#breadcrumb\",\"itemListElement\":[{\"@type\":\"ListItem\",\"position\":1,\"name\":\"Home\",\"item\":\"https:\/\/odg.bo.it\/fondazione\/\"},{\"@type\":\"ListItem\",\"position\":2,\"name\":\"Sintesi dello Statuto\"}]},{\"@type\":\"WebSite\",\"@id\":\"https:\/\/odg.bo.it\/fondazione\/#website\",\"url\":\"https:\/\/odg.bo.it\/fondazione\/\",\"name\":\"Fondazione Ordine Giornalisti Emilia-Romagna\",\"description\":\"Ecco un altro sito Ordine Giornalisti Emilia-Romagna\",\"potentialAction\":[{\"@type\":\"SearchAction\",\"target\":{\"@type\":\"EntryPoint\",\"urlTemplate\":\"https:\/\/odg.bo.it\/fondazione\/?s={search_term_string}\"},\"query-input\":\"required name=search_term_string\"}],\"inLanguage\":\"it-IT\"}]}<\/script>\n<!-- \/ Yoast SEO plugin. -->","yoast_head_json":{"title":"Sintesi dello Statuto - Fondazione Ordine Giornalisti Emilia-Romagna","robots":{"index":"index","follow":"follow","max-snippet":"max-snippet:-1","max-image-preview":"max-image-preview:large","max-video-preview":"max-video-preview:-1"},"canonical":"https:\/\/odg.bo.it\/fondazione\/statuto-fondazione\/","og_locale":"it_IT","og_type":"article","og_title":"Sintesi dello Statuto - Fondazione Ordine Giornalisti Emilia-Romagna","og_description":"Un breve cenno dello statuto della Fondazione: La Fondazione ha sede presso &#8220;l\u2019Ordine dei Giornalisti dell\u2019Emilia-Romagna&#8221;, attualmente ubicato in Bologna, Strada Maggiore n. 6. Non ha scopo di lucro e persegue la valorizzazione e la tutela della figura del Giornalista, &hellip; Continue reading &rarr;","og_url":"https:\/\/odg.bo.it\/fondazione\/statuto-fondazione\/","og_site_name":"Fondazione Ordine Giornalisti Emilia-Romagna","article_modified_time":"2014-02-12T15:21:19+00:00","twitter_card":"summary_large_image","twitter_misc":{"Tempo di lettura stimato":"1 minuto"},"schema":{"@context":"https:\/\/schema.org","@graph":[{"@type":"WebPage","@id":"https:\/\/odg.bo.it\/fondazione\/statuto-fondazione\/","url":"https:\/\/odg.bo.it\/fondazione\/statuto-fondazione\/","name":"Sintesi dello Statuto - Fondazione Ordine Giornalisti Emilia-Romagna","isPartOf":{"@id":"https:\/\/odg.bo.it\/fondazione\/#website"},"datePublished":"2014-01-08T13:52:42+00:00","dateModified":"2014-02-12T15:21:19+00:00","breadcrumb":{"@id":"https:\/\/odg.bo.it\/fondazione\/statuto-fondazione\/#breadcrumb"},"inLanguage":"it-IT","potentialAction":[{"@type":"ReadAction","target":["https:\/\/odg.bo.it\/fondazione\/statuto-fondazione\/"]}]},{"@type":"BreadcrumbList","@id":"https:\/\/odg.bo.it\/fondazione\/statuto-fondazione\/#breadcrumb","itemListElement":[{"@type":"ListItem","position":1,"name":"Home","item":"https:\/\/odg.bo.it\/fondazione\/"},{"@type":"ListItem","position":2,"name":"Sintesi dello Statuto"}]},{"@type":"WebSite","@id":"https:\/\/odg.bo.it\/fondazione\/#website","url":"https:\/\/odg.bo.it\/fondazione\/","name":"Fondazione Ordine Giornalisti Emilia-Romagna","description":"Ecco un altro sito Ordine Giornalisti Emilia-Romagna","potentialAction":[{"@type":"SearchAction","target":{"@type":"EntryPoint","urlTemplate":"https:\/\/odg.bo.it\/fondazione\/?s={search_term_string}"},"query-input":"required name=search_term_string"}],"inLanguage":"it-IT"}]}},"wps_subtitle":"","_links":{"self":[{"href":"https:\/\/odg.bo.it\/fondazione\/wp-json\/wp\/v2\/pages\/2","targetHints":{"allow":["GET"]}}],"collection":[{"href":"https:\/\/odg.bo.it\/fondazione\/wp-json\/wp\/v2\/pages"}],"about":[{"href":"https:\/\/odg.bo.it\/fondazione\/wp-json\/wp\/v2\/types\/page"}],"author":[{"embeddable":true,"href":"https:\/\/odg.bo.it\/fondazione\/wp-json\/wp\/v2\/users\/1"}],"replies":[{"embeddable":true,"href":"https:\/\/odg.bo.it\/fondazione\/wp-json\/wp\/v2\/comments?post=2"}],"version-history":[{"count":0,"href":"https:\/\/odg.bo.it\/fondazione\/wp-json\/wp\/v2\/pages\/2\/revisions"}],"wp:attachment":[{"href":"https:\/\/odg.bo.it\/fondazione\/wp-json\/wp\/v2\/media?parent=2"}],"curies":[{"name":"wp","href":"https:\/\/api.w.org\/{rel}","templated":true}]}}